-2).
9
Let j(p) = p**3 + 7*p**2 - 8*p - 6. Suppose -5*k = 58 - 18. Let v be j(k). Let b(s) = -s**3 - 7*s**2 - 4*s + 8. What is b(v)?
-4
Let y = -9 - -12. Suppose -s - y*s = -8. Let r(o) = 3*o**2 + 1 + 3*o + 3*o**s - 2*o**2 - 3*o**2. Calculate r(-2).
-1
Let q(c) = c**2 - 4*c + 2. Let d = -16 + 28. Let y be 4*(2 - (0 - 0)). Let k = d - y. Calculate q(k).
2
Let h(a) be the second derivative of a**6/120 - a**5/12 - a**4/3 + a**3/6 - 6*a**2 + 17*a. Let b(u) be the first derivative of h(u). Determine b(6).
-11
Let s be 1/(4/9)*(-24)/(-36). Let j(y) be the first derivative of -6 - y + s*y**2. What is j(1)?
2
Let y(u) be the second derivative of -1/3*u**3 + 0 - 5/12*u**4 + 12*u + u**2. Determine y(-2).
-14
Let s(f) = f**2 - 2*f - 2. Let b be 5*(-2)/6 + 800/120. Calculate s(b).
13
Let b(h) = -3 + 1 - 1 + h. Let u be 28/3 - (-4 - (-60)/18). Let z = u - 13. What is b(z)?
-6
Let g(n) = n**2 + 5*n + 3. Let v be g(-4). Let i(u) be the second derivative of u**4/3 - u**3/6 + 4*u - 147. What is i(v)?
5
Suppose 2*o + 7 = -3*o + y, -3*o + 2*y = 0. Let w be 3 + 1 - (-2 - o). Suppose -t = -3*t + 8, -2*q - 12 = -w*t. Let i(f) = -f**3 - f**2 + f - 1. Determine i(q).
-11
Let o(m) be the third derivative of m**6/120 + 3*m**5/20 - 11*m**4/24 - 3*m**3 - 6*m**2. Let c be o(-10). Let n(z) = -2*z - 4. What is n(c)?
12
Suppose -2*s = -3*y + 16, 5*y - 4*s + 10 = 6*y. Let x(t) = 14 + y*t - 18 + 6. Determine x(2).
14
Let r(s) be the second derivative of 9/2*s**2 + 0 + 1/6*s**3 - 7*s. What is r(-7)?
2
Let y(x) = x**3 + 12*x**2 - 27*x + 14. Let s be y(-14). Let p(b) = -b**2 + 13*b - 13*b - 18. Calculate p(s).
-18
Let b be (-2 + 0)/(2/2). Let i(n) be the third derivative of -23*n**2 + 0 + 0*n - 1/8*n**4 - 1/6*n**3. Give i(b).
5
Let r(b) = 4*b**2 + b - 2. Let q(g) = g**2. Let c(l) = -2*q(l) - r(l). Let x = -26 + 24. Give c(x).
-20
Let k(x) = -x**2 - 12*x + 2. Let c(n) = n**2 + 13*n - 1. Let v(b) = 3*c(b) + 4*k(b). What is v(-5)?
25
Let j = -1496 + 1495. Let b(a) = 3*a - 2. Calculate b(j).
-5
Suppose 0*t - 3*i - 32 = -4*t, 4*t + 3*i - 32 = 0. Suppose -2*l - 5*m = -30, t = 5*m - 3*m. Let u(h) = h + 6. What is u(l)?
11
Let w be (2/(-2))/2*0. Suppose 2*q + q - 12 = w. Let r(d) = -2*d**2 - 151*d + 56*d - 2 + 49*d + 51*d. What is r(q)?
-14
Let y(m) = m**3 + 4*m**2 + 3*m - 4. Let a be 3/(-12) + 6/(-8). Let r be (-8)/4 + a + 0. Give y(r).
-4
Suppose 6*v + 100 = 10*v. Let w = 31 - v. Let h(x) = -x**2 + 5*x + 6. Determine h(w).
0
Let q = -811 - -805. Let s(g) = 3*g + 14. Calculate s(q).
-4
Let b(u) = 16*u - 8. Let q be b(3). Let w be q/12*(-12)/(-10). Let p(h) = h**3 - 6*h**2 + 5*h + 1. What is p(w)?
-11
Suppose -16*r + 31 = -33. Let f(u) = 2*u**3 - 9*u**2 + 2*u - 2. Calculate f(r).
-10
Let h(x) = 35*x**2 + 5*x - 3. Let i(b) = -79*b**2 - 10*b + 7. Let t(q) = -9*h(q) - 4*i(q). Calculate t(7).
13
Let k = -868 + 866. Let m(j) = -7*j. Give m(k).
14
Let b(a) be the first derivative of -2*a**3 + a**2 - 3*a - 52. Calculate b(2).
-23
Suppose -3*t - 3*a - 18 = 0, -22*a = -4*t - 19*a + 4. Let z(l) be the third derivative of 1/8*l**4 + 0 + 0*l**3 + 0*l + l**2 + 1/20*l**5. Calculate z(t).
6
Let t(g) = 3*g + 9. Let h = 2195 - 2191. Give t(h).
21
Let t(s) = -s**3 - 9*s**2 + 11*s + 15. Let n be t(-10). Let r(g) be the second derivative of -g**3/2 + 3*g**2 - 20*g. Determine r(n).
-9
Let y(u) = -u**3 - 5*u**2 + u + 4. Suppose 0*f + 15 = f. Suppose 16*j + f = 13*j. Calculate y(j).
-1
Let o(k) = -6*k**2 - 4*k + 1. Suppose 2*r + 4*q + 12 = 0, -5*q - 2 - 14 = 3*r. Give o(r).
-15
Let o(l) = 5*l + 32 - 14 - 23. Give o(-1).
-10
Let t(g) = -2*g**2 - 8*g - 3. Let n be (-36)/(-16) + -3 + (-23)/(-4). Suppose -4*d - 4*s - 40 = 0, -n*s - 23 = 4*d + 22. Calculate t(d).
-13
Let l be (-8)/10*(-5)/2. Let p(x) = 3*x + l*x - 5*x - x**2 + 4*x + 6. Determine p(7).
-15
Let i(m) = m**2 - 12*m + 9. Let k be i(6). Let q = k + 22. Let n(p) = -2*p**2 - 6*p + 7. Calculate n(q).
-13
Let x(m) = -m**2 - 6*m + 9. Let l(f) = -3*f - 25. Let k be l(-10). Let s(w) = -7*w + 27. Let p be s(k). Determine x(p).
-7
Let f(p) = -58*p - 542. Let l be f(-9). Let h(n) = -n**3 - 22*n**2 - 38*n + 44. What is h(l)?
4
Let j(f) = -f**2 + 6*f. Let l be j(7). Let g(z) = 213*z + 4 + 4 - 212*z. Give g(l).
1
Let v(z) = -3*z - 10. Let y(u) = -2*u**2 + 58*u - 112. Let i be y(27). Calculate v(i).
2
Let g(j) be the first derivative of 3*j**2/2 + 97. Suppose i - 18 = -2*i. Let s = -4 + i. Calculate g(s).
6
Let j(u) = 5*u**2 - 4*u - 10. Let o(p) = -4*p**2 + 3*p + 11. Let r(t) = 3*j(t) + 4*o(t). Let s be 2/5 + (-2)/5. What is r(s)?
14
Let z(g) = -1. Let f(n) = -4*n + 20. Let p(j) = -f(j) - 24*z(j). What is p(-11)?
-40
Let o = 14 - 12. Suppose 6 - o = p. Suppose 0 = -p*h - 16, 4*y - 5 = -2*h - 1. Let k(l) = 2*l**2 - 5*l + 3. What is k(y)?
6
Let n(d) = d - 1. Let m(y) = y**2 + 11*y + 19. Suppose -2*j + 5*j + 117 = 0. Let h be 18/117 + 357/j. Let q be m(h). Give n(q).
0
Let g(s) = -s**2 + 1. Let u(v) = -v**2 + 3*v + 3. Let l be (-3)/(6/(-8)) - 3. Let h(c) = l*u(c) - 2*g(c). What is h(-3)?
1
Let x(c) = -9*c - 5. Suppose -21*j + 58 = 79. Determine x(j).
4
Let x(c) be the third derivative of -c**8/5040 + c**7/1680 - c**6/240 + c**5/5 + 8*c**2. Let h(d) be the third derivative of x(d). Determine h(2).
-13
Suppose -29*c = -24*c - 15. Suppose -2*s + 8 = -6*t + c*t, 5*t + 15 = 5*s. Let y(i) be the second derivative of 4*i**3/3 - i**2/2 - i. Give y(s).
7
Let z(w) = 53*w**3 - 8*w**2 - 4*w + 5. Let r(t) = -106*t**3 + 14*t**2 + 7*t - 9. Let g(d) = -4*r(d) - 7*z(d). Determine g(-1).
-52
Let j(b) be the second derivative of -1/6*b**3 + 24*b + 0 + 2*b**2. Determine j(0).
4
Let x(v) be the second derivative of v**4/6 - v**3/6 - 42*v. What is x(-3)?
21
Suppose -5*j + 2 = 32. Let c = 2 - j. Let v(a) = 5*a - c + 8 + a. Calculate v(-2).
-12
Let q(l) be the third derivative of -l**4/24 + 5*l**3/6 + 18*l**2 + 2. What is q(3)?
2
Let z(w) be the second derivative of w**4/2 + 11*w**3/6 - 13*w**2/2 - 4*w. Let q(s) = -5*s**2 - 10*s + 12. Let i(h) = 7*q(h) + 6*z(h). Determine i(5).
11
Let x(l) = l + 2. Let h(g) = 1. Let a(o) = h(o) - x(o). Calculate a(6).
-7
Let x(a) = -a**3 - 5*a**2 - 6*a. Suppose -5*k - 2*m = 0, -24 = -2*k + 3*m - 5. Suppose 3*s = k*p + 2, -s = -0*p - 5*p + 21. Suppose s*c = c - 12. Give x(c).
8
Let p(u) be the third derivative of 1/24*u**4 - u**2 + 0 + 1/6*u**3 + 0*u. Determine p(-1).
0
Let f(n) = n**3 + 7*n**2 + 3*n + 8. Let i be ((-22)/(-3))/((-11)/(-33)). Suppose -4*l + x + 2*x = i, x - 12 = 2*l. Calculate f(l).
-13
Let a(n) = n**2 - 2*n. Let q be a(-4). Suppose 0 = -26*y + q*y + 6. Let h(g) = g**2 - g + 3. Give h(y).
9
Let q be (1/2)/((-15)/360). Let w = -15 - q. Let l(f) = f**2 + f + 3. Calculate l(w).
9
Let n = 63 + -60. Let p(d) = 3 - 2 - 2*d + 0*d**3 - 3*d**3 - 2*d**n. Determine p(1).
-6
Let s(f) = f**2 - 7*f - 11. Let x be s(7). Let z = x + 6. Let b(o) = o - 1. Give b(z).
-6
Let h(q) = 0*q + 58*q**2 - 9 - 20*q**2 + 2*q - q**3 - 30*q**2. Give h(8).
7
Let c = 1121 - 1118. Let z(u) = 5*u**2 - 11*u - 5. Determine z(c).
7
Let y = -169 - -166. Let l(w) = 2 - 2 - w + 2. Let z(c) = -c - 1. Let o(s) = y*z(s) + l(s). Give o(5).
15
Let l(f) = -f**2 + 3*f. Let c(n) be the third derivative of n**5/30 - 7*n**4/24 + n**3/6 + 22*n**2. Let i(r) = -6*c(r) - 11*l(r). Determine i(8).
2
Let m(b) = 11*b + 21. Let a(k) = 19*k + 43. Let t(w) = -4*a(w) + 7*m(w). Calculate t(21).
-4
Let t = -5 - -8. Let s(o) = 0*o - 2*o - 4 + 3*o - 2. Let c(i) = -i + 6. Let h(m) = t*s(m) + 2*c(m). What is h(5)?
-1
Let l(s) = 2*s**2 - 2*s - 3. Let x be (0 - 4/(-2)) + 1. Let h be -1*(x - 0) + 5. Let q(i) = -1. Let t(u) = h*q(u) - l(u). Give t(-1).
-3
Let x(p) = -p - 13. Suppose 3*m + 15 = 4*o, -5*m + 0 = 3*o - 4. Suppose -2*d + n + 0*n = 4, 3*d + 3 = o*n. Let w = -10 - d. Calculate x(w).
-6
Let k(m) = 4 + 0 - 19 - 4*m + 8. What is k(6)?
-31
Suppose -52*x + 55*x + 4*v = -3, 0 = -3*x - 5*v - 3. Let l = 0 + 2. Let q(c) = -c**2 + c**l - 10*c**3. Give q(x).
10
Let s(l) be the third derivative of -1/24*l**4 + 0*l + 17*l**2 - 1/6*l**3 + 0. Determine s(-1).
0
Let d(m) = -m**2 - 636*m + 638*m + 4 + 2*m**2 - 2*m**3. Give d(2).
-4
Let b(n) = -5 + 11*n**2 + 21*n - 19*n - 8 + 133*n**3 - 134*n**3. What is b(11)?
9
Let p(d) be the second derivative of d**4/12 - 7*d**3/6 - d**2 - d + 2. Calculate p(7).
-2
Let l(d) = -d**2 - 